3 + 5*d**2 - 66*d - 463. Determine u(-9).
-193
Let p(i) = -i**3 - 324*i**2 - 793*i + 503. What is p(-3)?
-7
Let v(s) = -s**3 - 187*s**2 - 2905*s - 261. Calculate v(-17).
-6
Let a(l) = -2*l**2 + 9979*l + 90006. What is a(-9)?
33
Let g(w) = 29*w**2 - 2413*w - 2512. What is g(84)?
-580
Let m(l) = -45*l**2 - 139*l - 302. Give m(-2).
-204
Let p(c) = 14*c**3 - 1410*c**2 - 4230*c - 12. Give p(-3).
-390
Let f(s) = -60*s**2 - 32*s + 190. Determine f(4).
-898
Let n(o) = 2*o**2 - 700*o + 8108. Determine n(12).
-4
Let h(f) = 14*f + 232. What is h(-20)?
-48
Let r(v) = 2*v**3 + 27*v**2 - 12*v + 492. Give r(-15).
-3
Let i(o) = 5*o**2 + 108*o + 481. Determine i(-19).
234
Let v(j) = 3*j**2 - 534*j + 81. What is v(0)?
81
Let d(p) = -p**3 + 58*p**2 + 755*p + 256. Give d(69).
-20
Let d(p) = -39*p**2 - 937*p - 146. What is d(-24)?
-122
Let l(n) = 19*n**3 - 18*n**2 + 52*n - 82. Give l(2).
102
Let y(t) = 18*t**2 + 1131*t - 2226. Give y(2).
108
Let y(j) = 373*j**2 - 162254*j - 430. Give y(435).
5
Let x(h) = 44*h**2 + 292*h + 463. What is x(-4)?
-1
Let x(b) = b**2 - 66364*b - 5581623. Determine x(-84).
9
Let f(x) = -x**3 - 20*x**2 + 65*x + 82. Give f(-22).
-380
Let c(w) = w**3 + 29*w**2 + 98*w - 522. Give c(-24).
6
Let v(f) = 1863228*f + 11179371. Calculate v(-6).
3
Let d(y) = 577*y - 30526. Determine d(52).
-522
Let b(d) = -217*d**2 - 40659*d + 40662. What is b(1)?
-214
Let d(b) = -471*b - 11105. Calculate d(-21).
-1214
Let l(r) = -84*r**2 - 39290*r + 10372. Determine l(-468).
76
Let u(o) = 1219*o + 25549. Determine u(-21).
-50
Let h(l) = -1158*l - 53997. What is h(-47)?
429
Let t(m) = -8413*m + 227164. Determine t(27).
13
Let s(p) = 8*p**2 - 2204*p + 72992. Calculate s(237).
-4
Let m(y) = -48694*y + 291884. Calculate m(6).
-280
Let y(h) = -h**3 + 41*h**2 - 149*h + 3837. What is y(39)?
1068
Let u(a) = -17*a**2 - 39*a - 76. Determine u(4).
-504
Let j(k) = -835*k - 407476. What is j(-488)?
4
Let h(k) = -353*k + 7304. Calculate h(20).
244
Let w(a) = -93*a + 2047. Give w(43).
-1952
Let h(z) = 332184*z + 1328730. Calculate h(-4).
-6
Let y(p) = -5*p**3 - 198*p**2 - 1909*p - 4. Determine y(-23).
-4
Let a(w) = 9*w**2 - 745*w + 7973. Calculate a(11).
867
Let x(z) = 5156*z - 226855. Give x(44).
9
Let d(r) = -r**2 - 4580*r - 779318. Calculate d(-177).
13
Let s(z) = 37*z**2 - 51*z + 58. Calculate s(1).
44
Let r(s) = 5*s**2 + 162*s - 2684. What is r(15)?
871
Let n(z) = 8833*z**2 + 256159*z + 65. What is n(-29)?
7
Let h(j) = -j**2 - 62*j - 1721. Give h(-20).
-881
Let j(n) = -4980*n + 408378. What is j(82)?
18
Let m(k) = 2*k**2 - 1465*k - 262691. What is m(-149)?
-4
Let s(v) = -2096*v + 263892. Calculate s(126).
-204
Let i(u) = u**2 + 4580*u + 54531. Give i(-12).
-285
Let w(o) = 5*o**2 + 1112*o - 6763. Calculate w(6).
89
Let d(f) = -949*f**2 + 871*f - 872. What is d(1)?
-950
Let j(u) = u**3 - 235*u**2 + 17*u - 858. Calculate j(235).
3137
Let h(o) = -14*o**2 - 188396*o - 188397. What is h(-1)?
-15
Let i(q) = -q**3 + 116*q**2 - 94*q + 10903. Give i(116).
-1
Let i(n) = 1109*n + 65. Determine i(-1).
-1044
Let u(g) = g**2 + 53*g - 1508. What is u(-81)?
760
Let h(n) = -n**3 + 128*n**2 - 225*n + 12474. What is h(127)?
28
Let c(b) = -17*b**2 + 276*b - 894. What is c(11)?
85
Let x(d) = 4270*d + 15875. Calculate x(-4).
-1205
Let v(s) = s**3 + 56*s**2 - 9*s - 47. Calculate v(0).
-47
Let a(l) = 2*l**2 + 6673*l + 250692. Calculate a(-38).
6
Let o(c) = -5150*c + 97859. What is o(19)?
9
Let c(y) = 1594*y - 62263. Calculate c(39).
-97
Let i(q) = -625*q**2 + 1262*q - 36. Give i(2).
-12
Let g(j) = 24*j**2 - 9193*j + 36379. Calculate g(4).
-9
Let h(p) = -5*p**2 + 98*p + 395. Determine h(24).
-133
Let b(o) = o**2 + 73*o - 422. Determine b(-82).
316
Let x(c) = -c**3 + 236*c**2 - 726*c + 6285. Calculate x(233).
-6
Let j(x) = 2*x**2 - 590*x - 25. Calculate j(0).
-25
Let t(i) = -i**2 + 162*i - 4825. Calculate t(115).
580
Let r(a) = 428193*a - 428229. What is r(1)?
-36
Let w(s) = 6*s**3 - 24*s**2 - 837*s + 3343. Calculate w(4).
-5
Let t(v) = v**3 + 20*v**2 + 49*v - 228. Give t(-17).
-194
Let r(j) = -89879*j - 179720. Determine r(-2).
38
Let l(v) = 8155*v + 978601. Calculate l(-120).
1
Let z(n) = 688*n + 15426. Calculate z(-23).
-398
Let v(x) = -8*x**2 + 784*x + 35913. Calculate v(132).
9
Let g(y) = 928*y**2 + 5556*y - 50. Determine g(-6).
22
Let r(k) = -17*k**2 - 135*k + 2165. Determine r(8).
-3
Let q(s) = 2008*s + 48190. Calculate q(-24).
-2
Let u(l) = -3*l**3 - 32*l**2 - 43*l - 39. Give u(-9).
-57
Let i(y) = -y**3 - 91*y**2 - 1891*y - 153. What is i(-32)?
-57
Let t(r) = 2*r**3 + 20*r**2 - 143*r - 1584. What is t(-10)?
-154
Let l(d) = 16*d**2 + 3809*d + 215. Calculate l(-238).
-23
Let g(b) = 2*b**3 - 93*b**2 - 298*b - 18. Determine g(-3).
-15
Let x(r) = -r**3 + 80*r**2 - 203*r - 2340. What is x(77)?
-184
Let p(z) = z**3 + 648*z**2 - 7235*z + 9313. Determine p(-659).
87
Let s(r) = 5*r**3 - 52*r**2 + 920*r - 8992. Give s(10).
8
Let o(i) = 18*i**3 - 3841*i**2 - 2354*i - 46. What is o(214)?
-46
Let y(h) = 919133*h - 4595691. Calculate y(5).
-26
Let r(g) = -g**2 + 3532*g + 31976. Give r(-9).
107
Let w(n) = -2*n**3 + 49*n**2 - 330*n + 1715. Give w(18).
-13
Let s(m) = -19618*m + 117737. Give s(6).
29
Let j(o) = 103*o + 19818. Give j(-191).
145
Let a(i) = i**3 - 21*i**2 - 298*i - 3258. Calculate a(33).
-24
Let c(m) = 8979*m + 35956. Give c(-4).
40
Let c(t) = 4*t**3 + 2*t**2 - 3787*t - 3788. Determine c(-1).
-3
Let p(w) = 4459755*w + 35678034. Give p(-8).
-6
Let w(o) = 59*o**3 + 3*o**2 + 71*o + 196. What is w(-3)?
-1583
Let s(a) = 5409*a + 59067. Determine s(-11).
-432
Let y(q) = q**3 + 92*q**2 + 205*q + 37312. Determine y(-94).
370
Let q(i) = i**3 + 60*i**2 - 3134*i - 185764. Determine q(-53).
1
Let x(v) = 721*v**2 - 573912*v - 3180. Determine x(796).
4
Let n(r) = -21731*r + 108614. Give n(5).
-41
Let a(h) = 2200*h**3 + 50600*h**2 - 13*h - 278. Calculate a(-23).
21
Let s(g) = -13*g**2 + 618*g - 7308. What is s(22)?
-4
Let k(j) = 21*j**2 + 642*j - 1681. Calculate k(-33).
2
Let p(w) = 72981*w - 40. Give p(0).
-40
Let n(l) = l**3 + 47*l**2 - 2879*l - 730. Calculate n(-82).
8
Let y(u) = -9*u**3 + 94*u**2 - 176*u + 532. Determine y(9).
1
Let k(r) = -r**2 - 292*r - 19155. Determine k(-105).
480
Let s(r) = -r**2 + 192*r - 11366. Determine s(79).
-2439
Let s(k) = -2125*k - 237998. Calculate s(-112).
2
Let b(f) = -f**3 - 81*f**2 - 257*f - 7908. Give b(-79).
-87
Let a(r) = 6928*r - 4184494. Give a(604).
18
Let a(u) = 3*u**3 + 576*u**2 - 2958*u - 1073. Give a(-197).
-482
Let r(z) = -z**2 + 11462*z - 1886313. What is r(167)?
-48
Let b(t) = -25807*t - 413132. Give b(-16).
-220
Let r(d) = -d**3 - 5*d**2 - 71*d - 472. Calculate r(-8).
288
Let i(j) = 204*j + 5264. Give i(-26).
-40
Let g(y) = -25*y**3 + 219*y**2 - 215*y - 3. Give g(1).
-24
Let v(z) = 20*z**3 - 24*z**2 - 24*z - 23. Give v(4).
777
Let v(w) = 99*w - 2076. What is v(21)?
3
Let m(j) = -662*j + 55227. Give m(84).
-381
Let t(d) = 19258*d**2 + 57733*d - 127. What is t(-3)?
-4
Let a(l) = 403*l - 5869. Calculate a(14).
-227
Let t(r) = r**3 - 18*r**2 + 36*r - 554. Determine t(14).
-834
Let x(b) = 8149*b - 129377. Determine x(16).
1007
Let o(m) = -2*m**2 + 14563*m - 492834. Determine o(34).
-4
Let b(m) = m**3 + 114*m**2 + 247*m + 1532. What is b(-112)?
-1044
Let m(y) = -3*y**3 + 230*y**2 - 429*y - 54. Determine m(2).
-16
Let t(b) = -32687*b + 228429. Determine t(7).
-380
Let v(o) = 2060*o + 1196848. Determine v(-581).
-12
Let a(m) = m**2 - 1366*m + 22938. What is a(1349)?
5
Let f(m) = m**2 - 539*m - 49501. What is f(-81)?
719
Let a(o) = 768*o - 533604. Determine a(695).
156
Let p(x) = x**2 + 400*x - 59480. Give p(115).
-255
Let v(l) = -4558*l + 91145. What is v(20)?
-15
Let a(j) = 3018*j - 38829. Determine a(14).
3423
Let i(c) = -c**2 + 570*c - 21195. Give i(40).
5
Let r(k) = -k**3 - 9*k**2 + 69*k - 71. What is r(9)?
-908
Let b(y) = -y**2 + 255*y + 12508. Calculate b(-46).
-1338
Let k(v) = -3344*v - 6143. What is k(-2)?
545
Let f(w) = -w**2 - 135*w + 8968. What is f(48)?
184
Let a(v) = -v**3 - 68*v**2 + 627*v + 1441. Give a(-76).
-3
Let f(j) = -395*j + 3126. Determine f(12).
-1614
Let m(h) = 5*h**3 - 146*h + 548. Calculate m(4).
284
Let g(c) = 154*c**3 - 700*c**2 + 685*c + 14. Calculate g(1).
153
Let t(b) = -b**3 - 116*b**2 - 1054*b + 518. Determine t(-106).
-118
Let g(